 factors of t?
4993
Suppose -2*r = -3*y + 1980, 0 = 3*y - 1 - 11. Suppose -2*b - 14 = 4*m, -3 = b - 3*m + 9. What are the prime factors of 1/(-3) + r/b?
109
Let u(p) = 2*p**2 - 11*p - 3. Let l be u(6). Suppose -4*r + 566 = 2*i, 0 = -2*r + 3*r + l*i - 154. Let a = r + -44. What are the prime factors of a?
5, 19
What are the prime factors of (-35)/(-10)*-102*(-2 + (-24)/(-18))?
2, 7, 17
Let h = -4734 + 18928. List the prime factors of h.
2, 47, 151
Let t = 115 - 115. Let m be -1 - (1 + t) - (-12 + 2). Suppose m = k - 112. What are the prime factors of k?
2, 3, 5
Let d be ((-36)/(-6) - 14) + (3 - -3). What are the prime factors of (1 + 6)*-2*(-39 - d)?
2, 7, 37
Let f be (-1 - (0 + -663)) + (-8)/4. Suppose -5775 = -55*i + f. List the prime factors of i.
3, 13
Suppose 4*v - 5*p = -p - 512, 0 = 5*v - 2*p + 655. Let n = v - -687. List the prime factors of n.
2, 277
Suppose 15*b = -3*f + 19*b + 38484, -b - 25666 = -2*f. What are the prime factors of f?
2, 3209
Let n be 8*((-5)/(-30))/(6/207). Let b = 239 + n. List the prime factors of b.
3, 5, 19
List the prime factors of (-54)/(0 - -6) - (-13 + -786).
2, 5, 79
Let i(c) = -c**2 - 5*c + 12. Let f be i(-6). Suppose 1323 = -3*v + f*v. List the prime factors of v.
3, 7
Suppose -141*a = -4341590 + 1526384. What are the prime factors of a?
2, 67, 149
Suppose 5*b + 703 = -4*t - 408, -276 = t + 3*b. Let w = 241 - t. List the prime factors of w.
2, 5, 13
Suppose 0 = -29*n + 13*n - 18*n + 504356. List the prime factors of n.
2, 7417
Suppose 5*z + 9 = 3*j, 4*j - 5*z - 3 = 4. Let u = -5 + j. List the prime factors of (3*(-87)/9)/(1/u).
7, 29
Suppose 25*r - 30*r - 4*i = -135, r + 4*i = 27. Suppose 44*u = 41*u + r. List the prime factors of u.
3
Suppose -k + 3 = 195. Let h = k - -105. Let v = h - -204. What are the prime factors of v?
3, 13
Let f = -175 - -325. Let m = 379 - f. What are the prime factors of m?
229
Let v = 13 + -12. Let g be -1*v/(3 - 20/6). Suppose 4*y - 2*m - 87 = g*m, -41 = -2*y + 3*m. What are the prime factors of y?
2, 7
Let p(o) = o**2 + 2*o - 5. Let l be p(-4). Let y = -1749 + 1774. Suppose -l*f + 2*h + 2 = 0, f - h + y = 6*f. List the prime factors of f.
2
Let h(c) = -126 + 86 + c**3 + 10*c**2 + 37. Let j(n) = n**3 - 4*n**2 - 6*n - 4. Let d be j(5). List the prime factors of h(d).
2, 3, 13
List the prime factors of 59620 - 2*(-9)/18*-5.
5, 11923
Let y = 488 + -336. Suppose -153*j + 720 = -y*j. What are the prime factors of j?
2, 3, 5
Suppose -6454 = -v - 5*x, 2*x = -34*v + 33*v + 6442. List the prime factors of v.
2, 3217
Let m = 110 - 110. Suppose -6*o - 3218 = -3*i - 7*o, m = -2*i - 4*o + 2152. What are the prime factors of i?
2, 67
Suppose t - 709 = -2*n, 33*t - n + 2137 = 36*t. List the prime factors of t.
23, 31
Suppose 170050 = 34*g + 4*g. What are the prime factors of g?
5, 179
Let o(q) = -3*q**2 + 385*q + 28. List the prime factors of o(75).
2, 31, 97
Let m = 726 - -458. Suppose a + 3*o - 525 - 59 = 0, m = 2*a + 2*o. Suppose -13*c + a = -9*c. List the prime factors of c.
149
Let o = 5 + -3. Let d(b) = 3*b**2 - 8 - 5*b**o + b**3 + 0*b - b**2 - 11*b. List the prime factors of d(7).
3, 37
Let f = 1566 - -12876. What are the prime factors of f?
2, 3, 29, 83
Suppose 180*h + 1050345 = 225*h. What are the prime factors of h?
17, 1373
Let c = -10927 + 18175. What are the prime factors of c?
2, 3, 151
Suppose 35 = 5*q + 3*y, -2*q + 14 = -y + 6*y. Suppose -8*k - 33 = q. Let c(h) = -20*h + 28. List the prime factors of c(k).
2
Let y(o) = -89*o + 18. Let j(c) = -88*c + 18. Let v(p) = -3*j(p) + 2*y(p). Let h be v(6). Suppose -12*n + h = -6*n. What are the prime factors of n?
83
Suppose 14*q + 15405 + 21793 = 0. Let a = -1679 - q. What are the prime factors of a?
2, 3, 163
Let o = -620 + 340. Let j = 138 - o. List the prime factors of j.
2, 11, 19
Let s = 14016 - -6217. What are the prime factors of s?
20233
Let t(x) = -x**3 - 14*x**2 - 25*x - 7. Let w be t(-12). Suppose 353 = 5*c + 4*d - 51, -5 = -w*d. List the prime factors of c.
2, 5
Suppose b - 4*c - 21 = 0, b + 0 = -4*c + 53. Suppose 5*h = 3*s - b, -3*s = -s + 2*h - 46. Suppose s = -t + 135. What are the prime factors of t?
2, 29
Suppose h - 5*t = 76, -2*t - 16 = 2*t. Let y = h - 52. Suppose b - 5*m = 143, -46 = -b - y*m + 52. List the prime factors of b.
2, 59
Let s be ((-14)/6 + 3)*372. Suppose 6*d - 9*d = -24. Suppose 0 = -d*c - 0*c + s. List the prime factors of c.
31
Let w be ((-9)/(-3) - 1) + (-2448)/(-2). Suppose 0 = -2*j + w - 252. List the prime factors of j.
487
Let r be 962 + 4 + -1 + 3 + -6. Let t = 989 - r. What are the prime factors of t?
3
Let r be (-117)/(20/120 + 2/(-4)). Suppose -2*q + 535 = -r. What are the prime factors of q?
443
Let l = 8420 + -4933. What are the prime factors of l?
11, 317
Let a(q) = 12*q + 21. Suppose 0 = 3*p - w - 78, 0*w + 34 = p - 3*w. Suppose -5*b - p = 0, o + 1 = -b - b. What are the prime factors of a(o)?
3, 43
Suppose 1237*j + 138676 = 4*o + 1234*j, -4*o = 4*j - 138648. What are the prime factors of o?
2, 17333
Suppose -2*s = -4*l + 1988, 2*l - 992 = 7*s - 5*s. What are the prime factors of (l/(-48))/((-3)/12)*10?
5, 83
Let t = 37448 - 15429. What are the prime factors of t?
97, 227
Suppose 3*v = -12, -3*v = -3*u + 2*v + 29. Let h(l) = -28 - u*l - 19 + l + 13*l. What are the prime factors of h(12)?
5, 17
Let f = 103 - -6835. List the prime factors of f.
2, 3469
Let a be (1 + -1)/(-14 - -13). Suppose -f = -5*g + 33, 2*g + 5*f = 35 - 11. Suppose g*y = -a*y + 616. What are the prime factors of y?
2, 11
Let f(a) = 2*a**2 + 11*a - 3. Let h be f(-6). Suppose 615 + 225 = h*j. Suppose -6*g + j = -410. What are the prime factors of g?
5, 23
Suppose 26 = -5*p - 29. Let t(a) = 13*a + 49. Let c(h) = 66*h + 246. Let z(b) = p*t(b) + 2*c(b). List the prime factors of z(-13).
2, 3
Let m be (-3)/7 - ((-600)/56)/(-3). List the prime factors of (11 + 3)/((-1)/(118/m)).
7, 59
Let j(q) = q**3 + 7*q**2 + 2*q - 26. Let u be j(-6). What are the prime factors of 2/(-4)*-6 + (-812)/u?
409
Let o(c) be the second derivative of 46*c**3/3 + c**2/2 + 5*c - 17. List the prime factors of o(5).
461
Let r = -12090 + 22782. What are the prime factors of r?
2, 3, 11
Suppose 0 = -3*r + 2*h - 5*h + 65538, h + 43686 = 2*r. List the prime factors of r.
2, 43, 127
Let g be ((11/(-3))/(-1))/(9/324). Let z = -108 + g. Suppose 0 = 3*x + 3*d - 564, -4*d = 2*x - z - 358. List the prime factors of x.
5, 37
Let n(s) = -s**3 - 9*s**2 + 4*s. Let d be n(-10). Let c = -78 + d. What are the prime factors of c*(-2)/((-6)/(-11))?
2, 3, 11
Let z(y) = 27*y**3 - 2*y + 1. What are the prime factors of z(1)?
2, 13
Let q be 12/(-10) - (-8)/40. Let z(i) = i**3 + 12*i**2 - i - 20. Let p(y) = y**2 - y - 1. Let b(v) = q*z(v) + 3*p(v). List the prime factors of b(-9).
5, 7
Let n = 12581 - -6245. What are the prime factors of n?
2, 9413
Let a(k) = 2*k**3 - 8*k**2 - 12*k - 23. Let b(j) = j**3 - 4*j**2 - 6*j - 12. Let p(f) = -6*a(f) + 13*b(f). List the prime factors of p(6).
2, 3
Suppose 5 = 2*a - 9. Let u(c) = -18*c + 6. Let d be u(0). Let p = d + a. What are the prime factors of p?
13
What are the prime factors of (13774/(-11) - (-24)/132)*-13?
2, 13, 313
Suppose 2*s + 0*s - 2*u = 8, 5*s + 4*u = 20. Suppose z + s = -4. List the prime factors of (-22)/88 - 498/z.
2, 31
Let w = 45 - 41. Suppose -5*x - 26 = -w*z, 0 = -3*z + 3*x + x + 19. Suppose 11*f - z*f - 174 = 0. List the prime factors of f.
3, 29
Let j(z) = 3254*z**3 + 3*z - 19. List the prime factors of j(2).
3, 7, 59
Let q be 80/50*5 - 6. Suppose -414 = 5*j + r, -5*j + j + r - 324 = 0. Let h = q - j. What are the prime factors of h?
2, 3, 7
Let h(i) = 24*i + 8. Let a be h(13). Suppose -j + 20 = -a. What are the prime factors of j?
2, 5, 17
Let r(k) = 4. Let q(x) = 227*x - 59. Let y(l) = -q(l) + 4*r(l). What are the prime factors of y(-3)?
2, 3, 7
Suppose 4*u + 5*y = -2, 0 = -4*u + 3*y + 11 + 3. Suppose -1523 = -v + u*r - 88, -15 = 3*r. What are the prime factors of v?
3, 5, 19
Let n = 26371 + -15266. What are the prime factors of n?
5, 2221
Let y(i) = 37*i**2 + 8 + 25*i**2 - 10 - 5*i. Let b = 3095 + -3097. What are the prime factors of y(b)?
2
Let k be (-5)/(-2) - 8/(-16). Let w be ((-2)/k)/((-2)/54). What are the prime factors of w/81 + 205/9?
23
Suppose -4 - 22 = -2*a + 2*k, 4*a = -k + 27. Suppose -2*s